
What is the remainder when 1386 is divided by 155?
146
What is the remainder when 434 is divided by 16?
2
Calculate the remainder when 136 is divided by 63.
10
What is the remainder when 262 is divided by 22?
20
Calculate the remainder when 258 is divided by 29.
26
Calculate the remainder when 913 is divided by 222.
25
Calculate the remainder when 192 is divided by 35.
17
What is the remainder when 586 is divided by 98?
96
What is the remainder when 79 is divided by 16?
15
Calculate the remainder when 293 is divided by 139.
15
What is the remainder when 40 is divided by 4?
0
What is the remainder when 173 is divided by 165?
8
Calculate the remainder when 6230 is divided by 93.
92
What is the remainder when 2128 is divided by 178?
170
What is the remainder when 194 is divided by 33?
29
Calculate the remainder when 97 is divided by 23.
5
What is the remainder when 310 is divided by 13?
11
Calculate the remainder when 48403 is divided by 15.
13
Calculate the remainder when 111 is divided by 9.
3
Calculate the remainder when 62 is divided by 27.
8
What is the remainder when 76 is divided by 20?
16
Calculate the remainder when 95 is divided by 59.
36
What is the remainder when 2816 is divided by 1401?
14
What is the remainder when 1576 is divided by 83?
82
What is the remainder when 211 is divided by 32?
19
Calculate the remainder when 20 is divided by 5.
0
Calculate the remainder when 1789 is divided by 46.
41
What is the remainder when 30949 is divided by 33?
28
What is the remainder when 141 is divided by 134?
7
Calculate the remainder when 1733 is divided by 31.
28
What is the remainder when 286 is divided by 128?
30
What is the remainder when 16270 is divided by 12?
10
Calculate the remainder when 5864 is divided by 1950.
14
What is the remainder when 477 is divided by 37?
33
What is the remainder when 513 is divided by 12?
9
What is the remainder when 159 is divided by 147?
12
Calculate the remainder when 53 is divided by 17.
2
What is the remainder when 988 is divided by 143?
130
Calculate the remainder when 105 is divided by 101.
4
What is the remainder when 197 is divided by 5?
2
What is the remainder when 544 is divided by 6?
4
What is the remainder when 8885 is divided by 181?
16
What is the remainder when 5802 is divided by 1933?
3
Calculate the remainder when 4 is divided by 4.
0
Calculate the remainder when 81 is divided by 47.
34
What is the remainder when 1337 is divided by 56?
49
What is the remainder when 2230 is divided by 49?
25
Calculate the remainder when 600 is divided by 32.
24
Calculate the remainder when 149 is divided by 50.
49
What is the remainder when 405 is divided by 361?
44
Calculate the remainder when 729 is divided by 43.
41
What is the remainder when 364 is divided by 95?
79
What is the remainder when 57 is divided by 19?
0
What is the remainder when 29398 is divided by 10?
8
What is the remainder when 132 is divided by 39?
15
What is the remainder when 73 is divided by 7?
3
Calculate the remainder when 2838 is divided by 178.
168
Calculate the remainder when 59 is divided by 50.
9
What is the remainder when 194 is divided by 22?
18
Calculate the remainder when 98 is divided by 35.
28
What is the remainder when 663 is divided by 135?
123
Calculate the remainder when 396 is divided by 64.
12
What is the remainder when 1543 is divided by 15?
13
Calculate the remainder when 248 is divided by 78.
14
What is the remainder when 192 is divided by 20?
12
Calculate the remainder when 426 is divided by 132.
30
Calculate the remainder when 981 is divided by 156.
45
What is the remainder when 1608 is divided by 45?
33
Calculate the remainder when 5309 is divided by 47.
45
What is the remainder when 1044 is divided by 386?
272
What is the remainder when 1756 is divided by 1756?
0
Calculate the remainder when 341 is divided by 110.
11
What is the remainder when 1678 is divided by 35?
33
Calculate the remainder when 3239 is divided by 36.
35
Calculate the remainder when 158 is divided by 57.
44
Calculate the remainder when 1676 is divided by 30.
26
Calculate the remainder when 66 is divided by 30.
6
What is the remainder when 143 is divided by 22?
11
Calculate the remainder when 205 is divided by 44.
29
Calculate the remainder when 166 is divided by 13.
10
What is the remainder when 14 is divided by 13?
1
What is the remainder when 642 is divided by 86?
40
Calculate the remainder when 88 is divided by 15.
13
Calculate the remainder when 338 is divided by 241.
97
Calculate the remainder when 897 is divided by 30.
27
What is the remainder when 121 is divided by 40?
1
Calculate the remainder when 489 is divided by 12.
9
Calculate the remainder when 1939 is divided by 47.
12
Calculate the remainder when 426 is divided by 2.
0
What is the remainder when 1300 is divided by 343?
271
Calculate the remainder when 549 is divided by 37.
31
What is the remainder when 146 is divided by 18?
2
Calculate the remainder when 261 is divided by 4.
1
Calculate the remainder when 3011 is divided by 104.
99
Calculate the remainder when 1583 is divided by 131.
11
Calculate the remainder when 2609 is divided by 90.
89
What is the remainder when 6264 is divided by 241?
239
What is the remainder when 821 is divided by 255?
56
Calculate the remainder when 245 is divided by 27.
2
What is the remainder when 86 is divided by 27?
5
Calculate the remainder when 1631 is divided by 82.
73
What is the remainder when 1389 is divided by 13?
11
Calculate the remainder when 154 is divided by 43.
25
What is the remainder when 127 is divided by 24?
7
What is the remainder when 662 is divided by 210?
32
Calculate the remainder when 237 is divided by 80.
77
Calculate the remainder when 269 is divided by 90.
89
What is the remainder when 296 is divided by 130?
36
Calculate the remainder when 356 is divided by 13.
5
Calculate the remainder when 115 is divided by 58.
57
Calculate the remainder when 760 is divided by 60.
40
What is the remainder when 3357 is divided by 1116?
9
What is the remainder when 134 is divided by 14?
8
What is the remainder when 154 is divided by 20?
14
What is the remainder when 45 is divided by 14?
3
Calculate the remainder when 336 is divided by 181.
155
What is the remainder when 212 is divided by 171?
41
Calculate the remainder when 1015 is divided by 20.
15
Calculate the remainder when 586 is divided by 118.
114
What is the remainder when 315 is divided by 22?
7
Calculate the remainder when 56 is divided by 15.
11
What is the remainder when 529 is divided by 13?
9
Calculate the remainder when 21 is divided by 8.
5
Calculate the remainder when 53 is divided by 28.
25
Calculate the remainder when 77 is divided by 13.
12
What is the remainder when 286 is divided by 12?
10
Calculate the remainder when 1413 is divided by 118.
115
Calculate the remainder when 414 is divided by 125.
39
Calculate the remainder when 81 is divided by 29.
23
Calculate the remainder when 661 is divided by 42.
31
What is the remainder when 185 is divided by 63?
59
What is the remainder when 3261 is divided by 409?
398
Calculate the remainder when 1060 is divided by 95.
15
Calculate the remainder when 555 is divided by 171.
42
Calculate the remainder when 783 is divided by 6.
3
What is the remainder when 4616 is divided by 149?
146
Calculate the remainder when 950 is divided by 48.
38
Calculate the remainder when 111 is divided by 16.
15
Calculate the remainder when 45185 is divided by 79.
76
Calculate the remainder when 3116 is divided by 224.
204
What is the remainder when 1975 is divided by 10?
5
What is the remainder when 789 is divided by 16?
5
What is the remainder when 249 is divided by 17?
11
Calculate the remainder when 1917 is divided by 273.
6
Calculate the remainder when 51 is divided by 8.
3
Calculate the remainder when 4379 is divided by 624.
11
Calculate the remainder when 196 is divided by 53.
37
What is the remainder when 446 is divided by 31?
12
What is the remainder when 901 is divided by 449?
3
What is the remainder when 428 is divided by 158?
112
Calculate the remainder when 128 is divided by 35.
23
What is the remainder when 372 is divided by 110?
42
Calculate the remainder when 82 is divided by 68.
14
What is the remainder when 119 is divided by 